{"id":59,"date":"2025-10-27T15:47:02","date_gmt":"2025-10-27T15:47:02","guid":{"rendered":"https:\/\/wischin.info\/?page_id=59"},"modified":"2026-01-28T19:22:36","modified_gmt":"2026-01-28T19:22:36","slug":"inicio","status":"publish","type":"page","link":"https:\/\/wischin.info\/?page_id=59&lang=es","title":{"rendered":"Inicio &#8211; espa\u00f1ol"},"content":{"rendered":"\n<div class=\"wp-block-group alignfull llt-hero llt-hero-main\" style=\"padding-top:0;padding-right:0;padding-bottom:0;padding-left:0\"><div class=\"wp-block-group__inner-container is-layout-constrained wp-container-core-group-is-layout-216e0393 wp-block-group-is-layout-constrained\">\n<div class=\"wp-block-cover is-light llt-hero llt-hero-main\" style=\"padding-top:60px;padding-right:0;padding-bottom:40px;padding-left:0;min-height:520px;aspect-ratio:unset;\"><span aria-hidden=\"true\" class=\"wp-block-cover__background has-background-dim-0 has-background-dim\"><\/span><div class=\"wp-block-cover__inner-container is-layout-flow wp-block-cover-is-layout-flow\">\n<h1 class=\"wp-block-heading has-vivid-cyan-blue-color has-text-color has-link-color has-medium-font-size wp-elements-61e3d52c719f1c3e8c88b551b9d17e95\" style=\"padding-right:var(--wp--preset--spacing--70);padding-left:var(--wp--preset--spacing--70)\">Traducci\u00f3n t\u00e9cnica y de patentes alem\u00e1n\u2013espa\u00f1ol<\/h1>\n\n\n\n<h2 class=\"wp-block-heading has-vivid-cyan-blue-color has-text-color has-link-color has-medium-font-size wp-elements-2173e16cbb559b626102272f7e8be7ac\" style=\"padding-right:var(--wp--preset--spacing--70);padding-left:var(--wp--preset--spacing--70)\">Cuando el significado es vital<\/h2>\n\n\n\n<p class=\"has-text-align-center has-black-color has-text-color has-link-color wp-elements-dd7088d991f793dd5341a47d4ba5881f\" style=\"font-size:62px\"><strong>Ludwigs Leiter Translations<\/strong><\/p>\n\n\n\n<p class=\"has-text-align-center has-vivid-purple-color has-text-color has-link-color wp-elements-af397bf92fd664b6c4d167ee9fb9fe0d\" style=\"padding-right:var(--wp--preset--spacing--50);padding-left:var(--wp--preset--spacing--50)\"><strong><em>Preciso \u00b7 Claro \u00b7 Fiable<\/em><\/strong><\/p>\n\n\n\n<div class=\"home-ladder-fixed\" aria-hidden=\"true\"><\/div>\n\n\n\n<div class=\"wp-block-group\" style=\"padding-top:var(--wp--preset--spacing--50);padding-right:var(--wp--preset--spacing--50);padding-bottom:var(--wp--preset--spacing--50);padding-left:var(--wp--preset--spacing--50)\"><div class=\"wp-block-group__inner-container is-layout-constrained wp-container-core-group-is-layout-a98d4d5e wp-block-group-is-layout-constrained\">\n<figure class=\"wp-block-image size-full\"><img loading=\"lazy\" decoding=\"async\" width=\"898\" height=\"599\" src=\"https:\/\/wischin.info\/wp-content\/uploads\/2025\/12\/Escuela-de-Toledo-5.png\" alt=\"\" class=\"wp-image-1007\" srcset=\"https:\/\/wischin.info\/wp-content\/uploads\/2025\/12\/Escuela-de-Toledo-5.png 898w, https:\/\/wischin.info\/wp-content\/uploads\/2025\/12\/Escuela-de-Toledo-5-300x200.png 300w, https:\/\/wischin.info\/wp-content\/uploads\/2025\/12\/Escuela-de-Toledo-5-768x512.png 768w\" sizes=\"auto, (max-width: 898px) 100vw, 898px\" \/><\/figure>\n<\/div><\/div>\n<\/div><\/div>\n\n\n\n<div class=\"wp-block-group\" style=\"padding-top:0px;padding-right:var(--wp--preset--spacing--30);padding-bottom:0px;padding-left:var(--wp--preset--spacing--30)\"><div class=\"wp-block-group__inner-container is-layout-constrained wp-container-core-group-is-layout-80b9d4b8 wp-block-group-is-layout-constrained\">\n<h3 class=\"wp-block-heading\" style=\"padding-bottom:var(--wp--preset--spacing--30);padding-left:var(--wp--preset--spacing--30)\">Qui\u00e9n soy<\/h3>\n\n\n\n<p style=\"padding-right:var(--wp--preset--spacing--30);padding-left:var(--wp--preset--spacing--30)\">Soy Kurt Wischin, fundador de Ludwigs Leiter Translations. Desde hace m\u00e1s de 25 a\u00f1os trabajo como traductor independiente del alem\u00e1n y del ingl\u00e9s al espa\u00f1ol, principalmente para abogados mexicanos especializados en propiedad intelectual que atienden a clientes en Alemania, Austria, Suiza, otros pa\u00edses europeos y los Estados Unidos.<\/p>\n\n\n\n<p style=\"padding-right:var(--wp--preset--spacing--30);padding-left:var(--wp--preset--spacing--30)\">La actividad principal de Ludwigs Leiter Translations es la traducci\u00f3n en propiedad intelectual: especificaciones, reivindicaciones, correspondencia t\u00e9cnico-jur\u00eddica y documentos relacionados. Mi experiencia y formaci\u00f3n ling\u00fc\u00edstica me permiten traducir tambi\u00e9n otros textos t\u00e9cnicos y acad\u00e9micos con igual precisi\u00f3n.<\/p>\n<\/div><\/div>\n\n\n\n<div class=\"wp-block-group\" style=\"padding-right:var(--wp--preset--spacing--30);padding-left:var(--wp--preset--spacing--30)\"><div class=\"wp-block-group__inner-container is-layout-constrained wp-container-core-group-is-layout-a68114f4 wp-block-group-is-layout-constrained\">\n<div class=\"wp-block-group\" style=\"padding-top:10px;padding-right:var(--wp--preset--spacing--30);padding-bottom:10px;padding-left:var(--wp--preset--spacing--30)\"><div class=\"wp-block-group__inner-container is-layout-constrained wp-container-core-group-is-layout-a51d4585 wp-block-group-is-layout-constrained\">\n<h3 class=\"wp-block-heading\" style=\"padding-right:var(--wp--preset--spacing--40);padding-left:var(--wp--preset--spacing--40)\">Servicios<\/h3>\n\n\n\n<ul style=\"padding-right:var(--wp--preset--spacing--30);padding-left:var(--wp--preset--spacing--30)\" class=\"wp-block-list\">\n<li>Especificaciones, reivindicaciones y descripciones de patentes (alem\u00e1n \u2192 espa\u00f1ol).<\/li>\n\n\n\n<li>Proyectos urgentes u ocasionales (ingl\u00e9s \u2192 espa\u00f1ol).<\/li>\n\n\n\n<li>Documentos t\u00e9cnico-jur\u00eddicos relacionados y correspondencia.<\/li>\n\n\n\n<li>Revisi\u00f3n terminol\u00f3gica y control de coherencia.<\/li>\n\n\n\n<li>Trabajos y obras en filosof\u00eda y humanidades en general.<\/li>\n\n\n\n<li>Confidencialidad absoluta.<\/li>\n<\/ul>\n<\/div><\/div>\n\n\n\n<div class=\"wp-block-group\" style=\"padding-top:var(--wp--preset--spacing--40);padding-right:var(--wp--preset--spacing--80);padding-bottom:var(--wp--preset--spacing--40);padding-left:var(--wp--preset--spacing--80)\"><div class=\"wp-block-group__inner-container is-layout-constrained wp-container-core-group-is-layout-beb96598 wp-block-group-is-layout-constrained\">\n<figure class=\"wp-block-embed is-type-video is-provider-youtube wp-block-embed-youtube wp-embed-aspect-16-9 wp-has-aspect-ratio\"><div class=\"wp-block-embed__wrapper\">\n<iframe loading=\"lazy\" title=\"inicio espa\u00f1ol\" width=\"650\" height=\"366\" src=\"https:\/\/www.youtube.com\/embed\/lGInjNZrLDY?feature=oembed\" frameborder=\"0\" allow=\"accelerometer; autoplay; clipboard-write; encrypted-media; gyroscope; picture-in-picture; web-share\" referrerpolicy=\"strict-origin-when-cross-origin\" allowfullscreen><\/iframe>\n<\/div><\/figure>\n<\/div><\/div>\n<\/div><\/div>\n\n\n\n<div class=\"wp-block-group\" style=\"padding-top:10px;padding-right:var(--wp--preset--spacing--30);padding-bottom:10px;padding-left:var(--wp--preset--spacing--30)\"><div class=\"wp-block-group__inner-container is-layout-constrained wp-container-core-group-is-layout-a51d4585 wp-block-group-is-layout-constrained\">\n<h3 class=\"wp-block-heading\" style=\"padding-right:var(--wp--preset--spacing--50);padding-left:var(--wp--preset--spacing--50)\">Por qu\u00e9 la traducci\u00f3n humana sigue siendo imprescindible<\/h3>\n\n\n\n<p style=\"padding-right:var(--wp--preset--spacing--30);padding-left:var(--wp--preset--spacing--30)\">La traducci\u00f3n autom\u00e1tica ha mejorado dr\u00e1sticamente en los \u00faltimos a\u00f1os. Los algoritmos pueden generar oraciones aparentemente correctas, pero el lenguaje no se determina por la sintaxis ni por el c\u00f3digo, sino por la comprensi\u00f3n de una situaci\u00f3n, un prop\u00f3sito o un concepto t\u00e9cnico. Esta comprensi\u00f3n, a su vez, se basa en la interacci\u00f3n social entre las personas. Por ejemplo, el psic\u00f3logo del desarrollo estadounidense Michael Tomasello describe v\u00edvidamente c\u00f3mo los ni\u00f1os peque\u00f1os adquieren el lenguaje mediante una comprensi\u00f3n intuitiva de las intenciones de los adultos que los rodean. Sus consideraciones te\u00f3ricas se inspiran en la filosof\u00eda de Ludwig Wittgenstein, quien refuta convincentemente la idea de que el lenguaje humano pueda explicarse \u00fanicamente por la sintaxis y la neurociencia. Mientras que los humanos conectan naturalmente su lenguaje con la situaci\u00f3n espec\u00edfica, las m\u00e1quinas se basan en reglas formales. Sin embargo, el lenguaje no es un sistema l\u00f3gicamente coherente de signos audibles o visuales, sino parte de una pr\u00e1ctica humana compartida. Sin la comprensi\u00f3n, que solo una forma de vida compartida puede proporcionar, una traducci\u00f3n basada \u00fanicamente en reglas sint\u00e1cticas y diccionarios electr\u00f3nicos puede sonar fluida, pero distorsionar\u00e1 la idea original. Esto aplica por igual si el objetivo es comunicar con precisi\u00f3n una innovaci\u00f3n industrial o comprender ideas complejas independientemente de su forma ling\u00fc\u00edstica original. Una comparaci\u00f3n de algunas traducciones generadas por ordenador con el texto original lo demuestra claramente, incluso cuando son producidas por los sistemas de inteligencia artificial m\u00e1s potentes. En textos sobre propiedad intelectual, donde un solo concepto puede determinar la protecci\u00f3n legal, estas distorsiones pueden tener graves consecuencias. Por eso traduzco cada documento personalmente, con el mismo cuidado, precisi\u00f3n y claridad conceptual que caracterizan mi trabajo en filosof\u00eda del lenguaje.&nbsp;&nbsp;<\/p>\n<\/div><\/div>\n\n\n\n<div class=\"wp-block-group\" style=\"padding-top:10px;padding-right:var(--wp--preset--spacing--30);padding-bottom:10px;padding-left:var(--wp--preset--spacing--30)\"><div class=\"wp-block-group__inner-container is-layout-constrained wp-container-core-group-is-layout-a51d4585 wp-block-group-is-layout-constrained\">\n<h3 class=\"wp-block-heading\" style=\"padding-right:var(--wp--preset--spacing--40);padding-left:var(--wp--preset--spacing--40)\">Trayectoria<\/h3>\n\n\n\n<ul style=\"padding-right:var(--wp--preset--spacing--30);padding-left:var(--wp--preset--spacing--30)\" class=\"wp-block-list back-list\">\n<li>14 a\u00f1os como director general de la filial mexicana de un fabricante alem\u00e1n de maquinaria y autopartes<\/li>\n\n\n\n<li>25 a\u00f1os como traductor independiente (DE\/EN \u2192 ES), principalmente en propiedad intelectual<\/li>\n\n\n\n<li>Formaci\u00f3n acad\u00e9mica en filosof\u00eda y administraci\u00f3n (Quer\u00e9taro \u00b7 UNAM \u00b7 Granada)<\/li>\n\n\n\n<li>Trabajo editorial y traducciones publicadas en filosof\u00eda<\/li>\n<\/ul>\n\n\n\n<p><\/p>\n<\/div><\/div>\n\n\n\n<div class=\"wp-block-group\" style=\"padding-top:20px;padding-bottom:40px;padding-left:var(--wp--preset--spacing--30)\"><div class=\"wp-block-group__inner-container is-layout-constrained wp-container-core-group-is-layout-3dfd8e8d wp-block-group-is-layout-constrained\">\n<h3 class=\"wp-block-heading\" style=\"padding-right:var(--wp--preset--spacing--50);padding-left:var(--wp--preset--spacing--50)\">Contacto<\/h3>\n\n\n\n<p style=\"padding-right:var(--wp--preset--spacing--30);padding-left:var(--wp--preset--spacing--30)\">Con sede en M\u00e9xico, trabajo con clientes en Europa y Am\u00e9rica.<\/p>\n<\/div><\/div>\n<\/div><\/div>\n","protected":false},"excerpt":{"rendered":"<p>Qui\u00e9n soy Soy Kurt Wischin, fundador de Ludwigs Leiter Translations. Desde hace m\u00e1s de 25 a\u00f1os trabajo como traductor independiente del alem\u00e1n y del ingl\u00e9s al espa\u00f1ol, principalmente para abogados mexicanos especializados en propiedad intelectual que atienden a clientes en Alemania, Austria, Suiza, otros pa\u00edses europeos y los Estados Unidos. La actividad principal de Ludwigs&#8230;<\/p>\n<p class=\"more-link-wrap\"><a href=\"https:\/\/wischin.info\/?page_id=59&#038;lang=es\" class=\"more-link\">Read More<span class=\"screen-reader-text\"> &ldquo;Inicio &#8211; espa\u00f1ol&rdquo;<\/span> &raquo;<\/a><\/p>\n","protected":false},"author":1,"featured_media":0,"parent":0,"menu_order":0,"comment_status":"closed","ping_status":"closed","template":"","meta":{"footnotes":""},"class_list":["post-59","page","type-page","status-publish","hentry"],"yoast_head":"<!-- This site is optimized with the Yoast SEO plugin v27.5 - https:\/\/yoast.com\/product\/yoast-seo-wordpress\/ -->\r\n<title>Inicio - espa\u00f1ol - Ludwigs Leiter Translations<\/title>\r\n<meta name=\"robots\" content=\"index, follow, max-snippet:-1, max-image-preview:large, max-video-preview:-1\" \/>\r\n<link rel=\"canonical\" href=\"https:\/\/wischin.info\/?page_id=59&lang=es\" \/>\r\n<meta property=\"og:locale\" content=\"en_US\" \/>\r\n<meta property=\"og:type\" content=\"article\" \/>\r\n<meta property=\"og:title\" content=\"Inicio - espa\u00f1ol - Ludwigs Leiter Translations\" \/>\r\n<meta property=\"og:description\" content=\"Qui\u00e9n soy Soy Kurt Wischin, fundador de Ludwigs Leiter Translations. Desde hace m\u00e1s de 25 a\u00f1os trabajo como traductor independiente del alem\u00e1n y del ingl\u00e9s al espa\u00f1ol, principalmente para abogados mexicanos especializados en propiedad intelectual que atienden a clientes en Alemania, Austria, Suiza, otros pa\u00edses europeos y los Estados Unidos. La actividad principal de Ludwigs...Read More &ldquo;Inicio &#8211; espa\u00f1ol&rdquo; &raquo;\" \/>\r\n<meta property=\"og:url\" content=\"https:\/\/wischin.info\/?page_id=59&amp;lang=es\" \/>\r\n<meta property=\"og:site_name\" content=\"Ludwigs Leiter Translations\" \/>\r\n<meta property=\"article:modified_time\" content=\"2026-01-28T19:22:36+00:00\" \/>\r\n<meta property=\"og:image\" content=\"https:\/\/wischin.info\/wp-content\/uploads\/2025\/12\/Escuela-de-Toledo-5.png\" \/>\r\n\t<meta property=\"og:image:width\" content=\"898\" \/>\r\n\t<meta property=\"og:image:height\" content=\"599\" \/>\r\n\t<meta property=\"og:image:type\" content=\"image\/png\" \/>\r\n<meta name=\"twitter:card\" content=\"summary_large_image\" \/>\r\n<meta name=\"twitter:label1\" content=\"Est. reading time\" \/>\n\t<meta name=\"twitter:data1\" content=\"3 minutes\" \/>\r\n<script type=\"application\/ld+json\" class=\"yoast-schema-graph\">{\"@context\":\"https:\\\/\\\/schema.org\",\"@graph\":[{\"@type\":\"WebPage\",\"@id\":\"https:\\\/\\\/wischin.info\\\/?page_id=59&lang=es\",\"url\":\"https:\\\/\\\/wischin.info\\\/?page_id=59&lang=es\",\"name\":\"Inicio - espa\u00f1ol - Ludwigs Leiter Translations\",\"isPartOf\":{\"@id\":\"https:\\\/\\\/wischin.info\\\/#website\"},\"primaryImageOfPage\":{\"@id\":\"https:\\\/\\\/wischin.info\\\/?page_id=59&lang=es#primaryimage\"},\"image\":{\"@id\":\"https:\\\/\\\/wischin.info\\\/?page_id=59&lang=es#primaryimage\"},\"thumbnailUrl\":\"https:\\\/\\\/wischin.info\\\/wp-content\\\/uploads\\\/2025\\\/12\\\/Escuela-de-Toledo-5.png\",\"datePublished\":\"2025-10-27T15:47:02+00:00\",\"dateModified\":\"2026-01-28T19:22:36+00:00\",\"breadcrumb\":{\"@id\":\"https:\\\/\\\/wischin.info\\\/?page_id=59&lang=es#breadcrumb\"},\"inLanguage\":\"en-US\",\"potentialAction\":[{\"@type\":\"ReadAction\",\"target\":[\"https:\\\/\\\/wischin.info\\\/?page_id=59&lang=es\"]}]},{\"@type\":\"ImageObject\",\"inLanguage\":\"en-US\",\"@id\":\"https:\\\/\\\/wischin.info\\\/?page_id=59&lang=es#primaryimage\",\"url\":\"https:\\\/\\\/wischin.info\\\/wp-content\\\/uploads\\\/2025\\\/12\\\/Escuela-de-Toledo-5.png\",\"contentUrl\":\"https:\\\/\\\/wischin.info\\\/wp-content\\\/uploads\\\/2025\\\/12\\\/Escuela-de-Toledo-5.png\",\"width\":898,\"height\":599},{\"@type\":\"BreadcrumbList\",\"@id\":\"https:\\\/\\\/wischin.info\\\/?page_id=59&lang=es#breadcrumb\",\"itemListElement\":[{\"@type\":\"ListItem\",\"position\":1,\"name\":\"Home\",\"item\":\"https:\\\/\\\/wischin.info\\\/\"},{\"@type\":\"ListItem\",\"position\":2,\"name\":\"Inicio &#8211; espa\u00f1ol\"}]},{\"@type\":\"WebSite\",\"@id\":\"https:\\\/\\\/wischin.info\\\/#website\",\"url\":\"https:\\\/\\\/wischin.info\\\/\",\"name\":\"Ludwigs Leiter Translations\",\"description\":\"\",\"potentialAction\":[{\"@type\":\"SearchAction\",\"target\":{\"@type\":\"EntryPoint\",\"urlTemplate\":\"https:\\\/\\\/wischin.info\\\/?s={search_term_string}\"},\"query-input\":{\"@type\":\"PropertyValueSpecification\",\"valueRequired\":true,\"valueName\":\"search_term_string\"}}],\"inLanguage\":\"en-US\"}]}<\/script>\r\n<!-- \/ Yoast SEO plugin. -->","yoast_head_json":{"title":"Inicio - espa\u00f1ol - Ludwigs Leiter Translations","robots":{"index":"index","follow":"follow","max-snippet":"max-snippet:-1","max-image-preview":"max-image-preview:large","max-video-preview":"max-video-preview:-1"},"canonical":"https:\/\/wischin.info\/?page_id=59&lang=es","og_locale":"en_US","og_type":"article","og_title":"Inicio - espa\u00f1ol - Ludwigs Leiter Translations","og_description":"Qui\u00e9n soy Soy Kurt Wischin, fundador de Ludwigs Leiter Translations. Desde hace m\u00e1s de 25 a\u00f1os trabajo como traductor independiente del alem\u00e1n y del ingl\u00e9s al espa\u00f1ol, principalmente para abogados mexicanos especializados en propiedad intelectual que atienden a clientes en Alemania, Austria, Suiza, otros pa\u00edses europeos y los Estados Unidos. La actividad principal de Ludwigs...Read More &ldquo;Inicio &#8211; espa\u00f1ol&rdquo; &raquo;","og_url":"https:\/\/wischin.info\/?page_id=59&lang=es","og_site_name":"Ludwigs Leiter Translations","article_modified_time":"2026-01-28T19:22:36+00:00","og_image":[{"width":898,"height":599,"url":"https:\/\/wischin.info\/wp-content\/uploads\/2025\/12\/Escuela-de-Toledo-5.png","type":"image\/png"}],"twitter_card":"summary_large_image","twitter_misc":{"Est. reading time":"3 minutes"},"schema":{"@context":"https:\/\/schema.org","@graph":[{"@type":"WebPage","@id":"https:\/\/wischin.info\/?page_id=59&lang=es","url":"https:\/\/wischin.info\/?page_id=59&lang=es","name":"Inicio - espa\u00f1ol - Ludwigs Leiter Translations","isPartOf":{"@id":"https:\/\/wischin.info\/#website"},"primaryImageOfPage":{"@id":"https:\/\/wischin.info\/?page_id=59&lang=es#primaryimage"},"image":{"@id":"https:\/\/wischin.info\/?page_id=59&lang=es#primaryimage"},"thumbnailUrl":"https:\/\/wischin.info\/wp-content\/uploads\/2025\/12\/Escuela-de-Toledo-5.png","datePublished":"2025-10-27T15:47:02+00:00","dateModified":"2026-01-28T19:22:36+00:00","breadcrumb":{"@id":"https:\/\/wischin.info\/?page_id=59&lang=es#breadcrumb"},"inLanguage":"en-US","potentialAction":[{"@type":"ReadAction","target":["https:\/\/wischin.info\/?page_id=59&lang=es"]}]},{"@type":"ImageObject","inLanguage":"en-US","@id":"https:\/\/wischin.info\/?page_id=59&lang=es#primaryimage","url":"https:\/\/wischin.info\/wp-content\/uploads\/2025\/12\/Escuela-de-Toledo-5.png","contentUrl":"https:\/\/wischin.info\/wp-content\/uploads\/2025\/12\/Escuela-de-Toledo-5.png","width":898,"height":599},{"@type":"BreadcrumbList","@id":"https:\/\/wischin.info\/?page_id=59&lang=es#breadcrumb","itemListElement":[{"@type":"ListItem","position":1,"name":"Home","item":"https:\/\/wischin.info\/"},{"@type":"ListItem","position":2,"name":"Inicio &#8211; espa\u00f1ol"}]},{"@type":"WebSite","@id":"https:\/\/wischin.info\/#website","url":"https:\/\/wischin.info\/","name":"Ludwigs Leiter Translations","description":"","potentialAction":[{"@type":"SearchAction","target":{"@type":"EntryPoint","urlTemplate":"https:\/\/wischin.info\/?s={search_term_string}"},"query-input":{"@type":"PropertyValueSpecification","valueRequired":true,"valueName":"search_term_string"}}],"inLanguage":"en-US"}]}},"_links":{"self":[{"href":"https:\/\/wischin.info\/index.php?rest_route=\/wp\/v2\/pages\/59","targetHints":{"allow":["GET"]}}],"collection":[{"href":"https:\/\/wischin.info\/index.php?rest_route=\/wp\/v2\/pages"}],"about":[{"href":"https:\/\/wischin.info\/index.php?rest_route=\/wp\/v2\/types\/page"}],"author":[{"embeddable":true,"href":"https:\/\/wischin.info\/index.php?rest_route=\/wp\/v2\/users\/1"}],"replies":[{"embeddable":true,"href":"https:\/\/wischin.info\/index.php?rest_route=%2Fwp%2Fv2%2Fcomments&post=59"}],"version-history":[{"count":62,"href":"https:\/\/wischin.info\/index.php?rest_route=\/wp\/v2\/pages\/59\/revisions"}],"predecessor-version":[{"id":1306,"href":"https:\/\/wischin.info\/index.php?rest_route=\/wp\/v2\/pages\/59\/revisions\/1306"}],"wp:attachment":[{"href":"https:\/\/wischin.info\/index.php?rest_route=%2Fwp%2Fv2%2Fmedia&parent=59"}],"curies":[{"name":"wp","href":"https:\/\/api.w.org\/{rel}","templated":true}]}}