{"id":53,"date":"2025-10-27T15:34:15","date_gmt":"2025-10-27T15:34:15","guid":{"rendered":"https:\/\/wischin.info\/?page_id=53"},"modified":"2026-01-31T21:11:49","modified_gmt":"2026-01-31T21:11:49","slug":"filosofia-del-lenguaje","status":"publish","type":"page","link":"https:\/\/wischin.info\/?page_id=53&lang=es","title":{"rendered":"Filosof\u00eda del lenguaje"},"content":{"rendered":"\n<section class=\"wp-block-group llt-philosophy\" style=\"padding-right:var(--wp--preset--spacing--30);padding-left:var(--wp--preset--spacing--30)\"><div class=\"wp-block-group__inner-container is-layout-constrained wp-container-core-group-is-layout-a68114f4 wp-block-group-is-layout-constrained\">\n<h1 class=\"wp-block-heading has-text-align-center\">Filosof\u00eda del lenguaje<\/h1>\n\n\n\n<p>\n  Mi trabajo acad\u00e9mico se centra en la filosof\u00eda del lenguaje, la l\u00f3gica y las conexiones\n  hist\u00f3ricas entre Frege, Wittgenstein y el pragmatismo contempor\u00e1neo.\n  A continuaci\u00f3n se presenta una breve rese\u00f1a de mi investigaci\u00f3n y de algunas publicaciones seleccionadas.\n  <\/p>\n\n\n\n<h2 class=\"wp-block-heading\">Formaci\u00f3n y trabajo editorial<\/h2>\n\n\n\n<ul class=\"wp-block-list\">\n<li>Doctor en Filosof\u00eda por la Universidad de Granada, Espa\u00f1a.<\/li>\n\n\n\n<li>MBA por la Universidad Nacional Aut\u00f3noma de M\u00e9xico (UNAM), Ciudad de M\u00e9xico.<\/li>\n\n\n\n<li>Licenciado en Filosof\u00eda por la Universidad de Quer\u00e9taro, M\u00e9xico.<\/li>\n\n\n\n<li>Anteriormente secretario de redacci\u00f3n y editor de una importante revista filos\u00f3fica en Espa\u00f1a.<\/li>\n<\/ul>\n\n\n\n<h2 class=\"wp-block-heading\">Publicaciones recientes<\/h2>\n\n\n\n<ul class=\"wp-block-list pub-list\">\n<li><strong>2025 (en prensa):<\/strong> \u00abLessons from Frege. A Personal Journey\u00bb<em>. Teorema. Revista Internacional de Filosof\u00eda.<\/em><\/li>\n\n\n\n<li><strong>2024:<\/strong> \u00abEl principio de contexto: de Frege a Wittgenstein\u00bb, <em>LOGOS Revista de Filosof\u00eda<\/em>.<\/li>\n\n\n\n<li><strong>2023:<\/strong> \u00abFrege\u2019s Third Realm and the Structure of Thought\u00bb, <em>Disputatio. <\/em>Madrid<\/li>\n\n\n\n<li><strong>2023:<\/strong> \u00abWittgenstein, Brandom y las explicaciones te\u00f3ricas en la filosof\u00eda\u00bb, en <em>Perspectivas y problemas de la filosof\u00eda contempor\u00e1nea<\/em>.<\/li>\n\n\n\n<li><strong>2023<\/strong>: Tesis doctoral: \u00abAlgunos aspectos de las filosof\u00edas de la l\u00f3gica y del lenguaje de Frege y del joven Wittgenstein, y su influencia en la filosof\u00eda contempor\u00e1nea\u00bb.<\/li>\n\n\n\n<li><strong>2021:<\/strong> \u00abNihilismo sem\u00e1ntico y expresivismo pragm\u00e1tico\u00bb, <em>Disputatio<\/em>. Madrid.<\/li>\n\n\n\n<li><strong>2020:<\/strong> \u00abBreve an\u00e1lisis y traducci\u00f3n de &#8220;Sobre la ley de la inercia&#8221; de Gottlob Frege\u00bb, <em>Disputatio<\/em>. Madrid.<\/li>\n\n\n\n<li><strong>2019:<\/strong> \u00abOn Frege\u2019s Legacy in the Later Wittgenstein and Brandom\u00bb, <em>Disputatio<\/em>. Madrid<\/li>\n\n\n\n<li><strong>2015<\/strong>: Tesis de Maestr\u00eda: \u00abTraducci\u00f3n del texto de Gottlob Frege: escritos p\u00f3stumos sobre l\u00f3gica y filosof\u00eda del lenguaje\u00bb. Traducci\u00f3n precedida de un estudio cr\u00edtico con r\u00e9plica oral.<\/li>\n<\/ul>\n<\/div><\/section>\n","protected":false},"excerpt":{"rendered":"<p>Filosof\u00eda del lenguaje Mi trabajo acad\u00e9mico se centra en la filosof\u00eda del lenguaje, la l\u00f3gica y las conexiones hist\u00f3ricas entre Frege, Wittgenstein y el pragmatismo contempor\u00e1neo. A continuaci\u00f3n se presenta una breve rese\u00f1a de mi investigaci\u00f3n y de algunas publicaciones seleccionadas. Formaci\u00f3n y trabajo editorial Publicaciones recientes<\/p>\n","protected":false},"author":1,"featured_media":0,"parent":0,"menu_order":0,"comment_status":"closed","ping_status":"closed","template":"","meta":{"footnotes":""},"class_list":["post-53","page","type-page","status-publish","hentry"],"yoast_head":"<!-- This site is optimized with the Yoast SEO plugin v27.5 - https:\/\/yoast.com\/product\/yoast-seo-wordpress\/ -->\r\n<title>Filosof\u00eda del lenguaje - Ludwigs Leiter Translations<\/title>\r\n<meta name=\"robots\" content=\"index, follow, max-snippet:-1, max-image-preview:large, max-video-preview:-1\" \/>\r\n<link rel=\"canonical\" href=\"https:\/\/wischin.info\/?page_id=53&lang=es\" \/>\r\n<meta property=\"og:locale\" content=\"en_US\" \/>\r\n<meta property=\"og:type\" content=\"article\" \/>\r\n<meta property=\"og:title\" content=\"Filosof\u00eda del lenguaje - Ludwigs Leiter Translations\" \/>\r\n<meta property=\"og:description\" content=\"Filosof\u00eda del lenguaje Mi trabajo acad\u00e9mico se centra en la filosof\u00eda del lenguaje, la l\u00f3gica y las conexiones hist\u00f3ricas entre Frege, Wittgenstein y el pragmatismo contempor\u00e1neo. A continuaci\u00f3n se presenta una breve rese\u00f1a de mi investigaci\u00f3n y de algunas publicaciones seleccionadas. Formaci\u00f3n y trabajo editorial Publicaciones recientes\" \/>\r\n<meta property=\"og:url\" content=\"https:\/\/wischin.info\/?page_id=53&amp;lang=es\" \/>\r\n<meta property=\"og:site_name\" content=\"Ludwigs Leiter Translations\" \/>\r\n<meta property=\"article:modified_time\" content=\"2026-01-31T21:11:49+00:00\" \/>\r\n<meta name=\"twitter:card\" content=\"summary_large_image\" \/>\r\n<meta name=\"twitter:label1\" content=\"Est. reading time\" \/>\n\t<meta name=\"twitter:data1\" content=\"1 minute\" \/>\r\n<script type=\"application\/ld+json\" class=\"yoast-schema-graph\">{\"@context\":\"https:\\\/\\\/schema.org\",\"@graph\":[{\"@type\":\"WebPage\",\"@id\":\"https:\\\/\\\/wischin.info\\\/?page_id=53&lang=es\",\"url\":\"https:\\\/\\\/wischin.info\\\/?page_id=53&lang=es\",\"name\":\"Filosof\u00eda del lenguaje - Ludwigs Leiter Translations\",\"isPartOf\":{\"@id\":\"https:\\\/\\\/wischin.info\\\/#website\"},\"datePublished\":\"2025-10-27T15:34:15+00:00\",\"dateModified\":\"2026-01-31T21:11:49+00:00\",\"breadcrumb\":{\"@id\":\"https:\\\/\\\/wischin.info\\\/?page_id=53&lang=es#breadcrumb\"},\"inLanguage\":\"en-US\",\"potentialAction\":[{\"@type\":\"ReadAction\",\"target\":[\"https:\\\/\\\/wischin.info\\\/?page_id=53&lang=es\"]}]},{\"@type\":\"BreadcrumbList\",\"@id\":\"https:\\\/\\\/wischin.info\\\/?page_id=53&lang=es#breadcrumb\",\"itemListElement\":[{\"@type\":\"ListItem\",\"position\":1,\"name\":\"Home\",\"item\":\"https:\\\/\\\/wischin.info\\\/\"},{\"@type\":\"ListItem\",\"position\":2,\"name\":\"Filosof\u00eda del lenguaje\"}]},{\"@type\":\"WebSite\",\"@id\":\"https:\\\/\\\/wischin.info\\\/#website\",\"url\":\"https:\\\/\\\/wischin.info\\\/\",\"name\":\"Ludwigs Leiter Translations\",\"description\":\"\",\"potentialAction\":[{\"@type\":\"SearchAction\",\"target\":{\"@type\":\"EntryPoint\",\"urlTemplate\":\"https:\\\/\\\/wischin.info\\\/?s={search_term_string}\"},\"query-input\":{\"@type\":\"PropertyValueSpecification\",\"valueRequired\":true,\"valueName\":\"search_term_string\"}}],\"inLanguage\":\"en-US\"}]}<\/script>\r\n<!-- \/ Yoast SEO plugin. -->","yoast_head_json":{"title":"Filosof\u00eda del lenguaje - Ludwigs Leiter Translations","robots":{"index":"index","follow":"follow","max-snippet":"max-snippet:-1","max-image-preview":"max-image-preview:large","max-video-preview":"max-video-preview:-1"},"canonical":"https:\/\/wischin.info\/?page_id=53&lang=es","og_locale":"en_US","og_type":"article","og_title":"Filosof\u00eda del lenguaje - Ludwigs Leiter Translations","og_description":"Filosof\u00eda del lenguaje Mi trabajo acad\u00e9mico se centra en la filosof\u00eda del lenguaje, la l\u00f3gica y las conexiones hist\u00f3ricas entre Frege, Wittgenstein y el pragmatismo contempor\u00e1neo. A continuaci\u00f3n se presenta una breve rese\u00f1a de mi investigaci\u00f3n y de algunas publicaciones seleccionadas. Formaci\u00f3n y trabajo editorial Publicaciones recientes","og_url":"https:\/\/wischin.info\/?page_id=53&lang=es","og_site_name":"Ludwigs Leiter Translations","article_modified_time":"2026-01-31T21:11:49+00:00","twitter_card":"summary_large_image","twitter_misc":{"Est. reading time":"1 minute"},"schema":{"@context":"https:\/\/schema.org","@graph":[{"@type":"WebPage","@id":"https:\/\/wischin.info\/?page_id=53&lang=es","url":"https:\/\/wischin.info\/?page_id=53&lang=es","name":"Filosof\u00eda del lenguaje - Ludwigs Leiter Translations","isPartOf":{"@id":"https:\/\/wischin.info\/#website"},"datePublished":"2025-10-27T15:34:15+00:00","dateModified":"2026-01-31T21:11:49+00:00","breadcrumb":{"@id":"https:\/\/wischin.info\/?page_id=53&lang=es#breadcrumb"},"inLanguage":"en-US","potentialAction":[{"@type":"ReadAction","target":["https:\/\/wischin.info\/?page_id=53&lang=es"]}]},{"@type":"BreadcrumbList","@id":"https:\/\/wischin.info\/?page_id=53&lang=es#breadcrumb","itemListElement":[{"@type":"ListItem","position":1,"name":"Home","item":"https:\/\/wischin.info\/"},{"@type":"ListItem","position":2,"name":"Filosof\u00eda del lenguaje"}]},{"@type":"WebSite","@id":"https:\/\/wischin.info\/#website","url":"https:\/\/wischin.info\/","name":"Ludwigs Leiter Translations","description":"","potentialAction":[{"@type":"SearchAction","target":{"@type":"EntryPoint","urlTemplate":"https:\/\/wischin.info\/?s={search_term_string}"},"query-input":{"@type":"PropertyValueSpecification","valueRequired":true,"valueName":"search_term_string"}}],"inLanguage":"en-US"}]}},"_links":{"self":[{"href":"https:\/\/wischin.info\/index.php?rest_route=\/wp\/v2\/pages\/53","targetHints":{"allow":["GET"]}}],"collection":[{"href":"https:\/\/wischin.info\/index.php?rest_route=\/wp\/v2\/pages"}],"about":[{"href":"https:\/\/wischin.info\/index.php?rest_route=\/wp\/v2\/types\/page"}],"author":[{"embeddable":true,"href":"https:\/\/wischin.info\/index.php?rest_route=\/wp\/v2\/users\/1"}],"replies":[{"embeddable":true,"href":"https:\/\/wischin.info\/index.php?rest_route=%2Fwp%2Fv2%2Fcomments&post=53"}],"version-history":[{"count":7,"href":"https:\/\/wischin.info\/index.php?rest_route=\/wp\/v2\/pages\/53\/revisions"}],"predecessor-version":[{"id":1320,"href":"https:\/\/wischin.info\/index.php?rest_route=\/wp\/v2\/pages\/53\/revisions\/1320"}],"wp:attachment":[{"href":"https:\/\/wischin.info\/index.php?rest_route=%2Fwp%2Fv2%2Fmedia&parent=53"}],"curies":[{"name":"wp","href":"https:\/\/api.w.org\/{rel}","templated":true}]}}

Filosofía del lenguaje

<section class="wp-block-group llt-philosophy" style="padding-right:var(--wp--preset--spacing--30);padding-left:var(--wp--preset--spacing--30)"><div class="wp-block-group__inner-container is-layout-constrained wp-container-core-group-is-layout-a68114f4 wp-block-group-is-layout-constrained">
<h1 class="wp-block-heading has-text-align-center">Filosofía del lenguaje</h1>



<p>
  Mi trabajo académico se centra en la filosofía del lenguaje, la lógica y las conexiones
  históricas entre Frege, Wittgenstein y el pragmatismo contemporáneo.
  A continuación se presenta una breve reseña de mi investigación y de algunas publicaciones seleccionadas.
  </p>



<h2 class="wp-block-heading">Formación y trabajo editorial</h2>



<ul class="wp-block-list">
<li>Doctor en Filosofía por la Universidad de Granada, España.</li>



<li>MBA por la Universidad Nacional Autónoma de México (UNAM), Ciudad de México.</li>



<li>Licenciado en Filosofía por la Universidad de Querétaro, México.</li>



<li>Anteriormente secretario de redacción y editor de una importante revista filosófica en España.</li>
</ul>



<h2 class="wp-block-heading">Publicaciones recientes</h2>



<ul class="wp-block-list pub-list">
<li><strong>2025 (en prensa):</strong> «Lessons from Frege. A Personal Journey»<em>. Teorema. Revista Internacional de Filosofía.</em></li>



<li><strong>2024:</strong> «El principio de contexto: de Frege a Wittgenstein», <em>LOGOS Revista de Filosofía</em>.</li>



<li><strong>2023:</strong> «Frege’s Third Realm and the Structure of Thought», <em>Disputatio. </em>Madrid</li>



<li><strong>2023:</strong> «Wittgenstein, Brandom y las explicaciones teóricas en la filosofía», en <em>Perspectivas y problemas de la filosofía contemporánea</em>.</li>



<li><strong>2023</strong>: Tesis doctoral: «Algunos aspectos de las filosofías de la lógica y del lenguaje de Frege y del joven Wittgenstein, y su influencia en la filosofía contemporánea».</li>



<li><strong>2021:</strong> «Nihilismo semántico y expresivismo pragmático», <em>Disputatio</em>. Madrid.</li>



<li><strong>2020:</strong> «Breve análisis y traducción de &#8220;Sobre la ley de la inercia&#8221; de Gottlob Frege», <em>Disputatio</em>. Madrid.</li>



<li><strong>2019:</strong> «On Frege’s Legacy in the Later Wittgenstein and Brandom», <em>Disputatio</em>. Madrid</li>



<li><strong>2015</strong>: Tesis de Maestría: «Traducción del texto de Gottlob Frege: escritos póstumos sobre lógica y filosofía del lenguaje». Traducción precedida de un estudio crítico con réplica oral.</li>
</ul>
</div></section>

<p>Filosofía del lenguaje Mi trabajo académico se centra en la filosofía del lenguaje, la lógica y las conexiones históricas entre Frege, Wittgenstein y el pragmatismo contemporáneo. A continuación se presenta una breve reseña de mi investigación y de algunas publicaciones seleccionadas. Formación y trabajo editorial Publicaciones recientes</p>

<!-- This site is optimized with the Yoast SEO plugin v27.5 - https://yoast.com/product/yoast-seo-wordpress/ -->
<title>Filosofía del lenguaje - Ludwigs Leiter Translations</title>
<meta name="robots" content="index, follow, max-snippet:-1, max-image-preview:large, max-video-preview:-1" />
<link rel="canonical" href="https://wischin.info/?page_id=53&lang=es" />
<meta property="og:locale" content="en_US" />
<meta property="og:type" content="article" />
<meta property="og:title" content="Filosofía del lenguaje - Ludwigs Leiter Translations" />
<meta property="og:description" content="Filosofía del lenguaje Mi trabajo académico se centra en la filosofía del lenguaje, la lógica y las conexiones históricas entre Frege, Wittgenstein y el pragmatismo contemporáneo. A continuación se presenta una breve reseña de mi investigación y de algunas publicaciones seleccionadas. Formación y trabajo editorial Publicaciones recientes" />
<meta property="og:url" content="https://wischin.info/?page_id=53&amp;lang=es" />
<meta property="og:site_name" content="Ludwigs Leiter Translations" />
<meta property="article:modified_time" content="2026-01-31T21:11:49+00:00" />
<meta name="twitter:card" content="summary_large_image" />
<meta name="twitter:label1" content="Est. reading time" />
	<meta name="twitter:data1" content="1 minute" />
<script type="application/ld+json" class="yoast-schema-graph">{"@context":"https:\/\/schema.org","@graph":[{"@type":"WebPage","@id":"https:\/\/wischin.info\/?page_id=53&lang=es","url":"https:\/\/wischin.info\/?page_id=53&lang=es","name":"Filosofía del lenguaje - Ludwigs Leiter Translations","isPartOf":{"@id":"https:\/\/wischin.info\/#website"},"datePublished":"2025-10-27T15:34:15+00:00","dateModified":"2026-01-31T21:11:49+00:00","breadcrumb":{"@id":"https:\/\/wischin.info\/?page_id=53&lang=es#breadcrumb"},"inLanguage":"en-US","potentialAction":[{"@type":"ReadAction","target":["https:\/\/wischin.info\/?page_id=53&lang=es"]}]},{"@type":"BreadcrumbList","@id":"https:\/\/wischin.info\/?page_id=53&lang=es#breadcrumb","itemListElement":[{"@type":"ListItem","position":1,"name":"Home","item":"https:\/\/wischin.info\/"},{"@type":"ListItem","position":2,"name":"Filosofía del lenguaje"}]},{"@type":"WebSite","@id":"https:\/\/wischin.info\/#website","url":"https:\/\/wischin.info\/","name":"Ludwigs Leiter Translations","description":"","potentialAction":[{"@type":"SearchAction","target":{"@type":"EntryPoint","urlTemplate":"https:\/\/wischin.info\/?s={search_term_string}"},"query-input":{"@type":"PropertyValueSpecification","valueRequired":true,"valueName":"search_term_string"}}],"inLanguage":"en-US"}]}</script>
<!-- / Yoast SEO plugin. -->

Filosofía del lenguaje - Ludwigs Leiter Translations

Filosofía del lenguaje Mi trabajo académico se centra en la filosofía del lenguaje, la lógica y las conexiones históricas entre Frege, Wittgenstein y el pragmatismo contemporáneo. A continuación se presenta una breve reseña de mi investigación y de algunas publicaciones seleccionadas. Formación y trabajo editorial Publicaciones recientes
