{"id":29,"date":"2025-10-26T15:48:31","date_gmt":"2025-10-26T15:48:31","guid":{"rendered":"https:\/\/wischin.info\/?page_id=29"},"modified":"2026-02-16T21:42:34","modified_gmt":"2026-02-16T21:42:34","slug":"test-title-123","status":"publish","type":"page","link":"https:\/\/wischin.info\/?page_id=29","title":{"rendered":"Language Philosophy"},"content":{"rendered":"\n<section class=\"wp-block-group llt-philosophy\" style=\"padding-top:10px;padding-bottom:10px\"><div class=\"wp-block-group__inner-container is-layout-constrained wp-block-group-is-layout-constrained\">\n<h1 class=\"wp-block-heading has-text-align-center\">Academic Background and Experience in Philosophy<\/h1>\n\n\n\n<p>\n  My academic work focuses on philosophy of language, logic, and the historical\n  connections between Frege, Wittgenstein, and contemporary pragmatism.  \n  Below is a short overview of my research and selected publications.\n  <\/p>\n\n\n\n<h2 class=\"wp-block-heading\">Education &amp; Editorial Work<\/h2>\n\n\n\n<ul class=\"wp-block-list\">\n<li>PhD in Philosophy, University of Granada, Spain.<\/li>\n\n\n\n<li>MBA, National Autonomous University of Mexico (UNAM), Mexico City.<\/li>\n\n\n\n<li>Graduated in Philosophy, Autonomous University of Quer\u00e9taro, Mexico.<\/li>\n\n\n\n<li>Former editorial secretary and editor of a major Spanish philosophy journal.<\/li>\n<\/ul>\n\n\n\n<div style=\"height:25px\" aria-hidden=\"true\" class=\"wp-block-spacer\"><\/div>\n\n\n\n<h2 class=\"wp-block-heading\">Recent Publications and Research<\/h2>\n\n\n\n<ul class=\"wp-block-list pub-list\">\n<li><strong>2025:<\/strong> \u201cLessons from Frege. A Personal Journey\u201d. <em>Teorema. Revista Internacional de Filosof\u00eda<\/em>, Granada.<\/li>\n\n\n\n<li><strong>2024:<\/strong> \u201cEl principio de contexto: de Frege a Wittgenstein\u201d, <em>LOGOS Revista de Filosof\u00eda<\/em>, Mexico City.<\/li>\n\n\n\n<li><strong>2023:<\/strong> \u201cFrege\u2019s Third Realm and the Structure of Thought\u201d, <em>Disputatio<\/em>, Madrid.<\/li>\n\n\n\n<li><strong>2023:<\/strong> \u201cWittgenstein, Brandom y las explicaciones te\u00f3ricas en la filosof\u00eda\u201d. In: <em>Perspectivas y problemas de la filosof\u00eda contempor\u00e1nea<\/em>, Mexico City\/Quer\u00e9taro.<\/li>\n\n\n\n<li><strong>2023<\/strong>: Doctoral thesis: &#8220;Algunos aspectos de las filosof\u00edas de la l\u00f3gica y del lenguaje de Frege y del joven Wittgenstein, y su influencia en la filosof\u00eda contempor\u00e1nea&#8221;, Granada.<\/li>\n\n\n\n<li><strong>2021:<\/strong> \u201cNihilismo sem\u00e1ntico y expresivismo pragm\u00e1tico\u201d, <em>Disputatio<\/em>, Madrid.<\/li>\n\n\n\n<li><strong>2020:<\/strong> \u201cBreve an\u00e1lisis y traducci\u00f3n de \u2018Sobre la ley de la inercia\u2019 de Gottlob Frege\u201d, <em>Disputatio<\/em>, Madrid.<\/li>\n\n\n\n<li><strong>2019:<\/strong> \u201cOn Frege\u2019s Legacy in the Later Wittgenstein and Brandom\u201d, <em>Disputatio<\/em>, Madrid.<\/li>\n\n\n\n<li><strong>2015<\/strong>: Master&#8217;s thesis: &#8220;Traducci\u00f3n del texto de Gottlob Frege: escritos p\u00f3stumos sobre l\u00f3gica y filosof\u00eda del lenguaje&#8221;. Translation preceded by a critical study with oral replication, Mexico City<\/li>\n<\/ul>\n<\/div><\/section>\n\n\n\n<p><\/p>\n","protected":false},"excerpt":{"rendered":"<p>Academic Background and Experience in Philosophy My academic work focuses on philosophy of language, logic, and the historical connections between Frege, Wittgenstein, and contemporary pragmatism. Below is a short overview of my research and selected publications. Education &amp; Editorial Work Recent Publications and Research<\/p>\n","protected":false},"author":1,"featured_media":0,"parent":0,"menu_order":0,"comment_status":"closed","ping_status":"closed","template":"","meta":{"footnotes":""},"class_list":["post-29","page","type-page","status-publish","hentry"],"yoast_head":"<!-- This site is optimized with the Yoast SEO plugin v27.5 - https:\/\/yoast.com\/product\/yoast-seo-wordpress\/ -->\r\n<title>Language Philosophy - Ludwigs Leiter Translations<\/title>\r\n<meta name=\"robots\" content=\"index, follow, max-snippet:-1, max-image-preview:large, max-video-preview:-1\" \/>\r\n<link rel=\"canonical\" href=\"https:\/\/wischin.info\/?page_id=29\" \/>\r\n<meta property=\"og:locale\" content=\"en_US\" \/>\r\n<meta property=\"og:type\" content=\"article\" \/>\r\n<meta property=\"og:title\" content=\"Language Philosophy - Ludwigs Leiter Translations\" \/>\r\n<meta property=\"og:description\" content=\"Academic Background and Experience in Philosophy My academic work focuses on philosophy of language, logic, and the historical connections between Frege, Wittgenstein, and contemporary pragmatism. Below is a short overview of my research and selected publications. Education &amp; Editorial Work Recent Publications and Research\" \/>\r\n<meta property=\"og:url\" content=\"https:\/\/wischin.info\/?page_id=29\" \/>\r\n<meta property=\"og:site_name\" content=\"Ludwigs Leiter Translations\" \/>\r\n<meta property=\"article:modified_time\" content=\"2026-02-16T21:42:34+00:00\" \/>\r\n<meta name=\"twitter:card\" content=\"summary_large_image\" \/>\r\n<meta name=\"twitter:label1\" content=\"Est. reading time\" \/>\n\t<meta name=\"twitter:data1\" content=\"2 minutes\" \/>\r\n<script type=\"application\/ld+json\" class=\"yoast-schema-graph\">{\"@context\":\"https:\\\/\\\/schema.org\",\"@graph\":[{\"@type\":\"WebPage\",\"@id\":\"https:\\\/\\\/wischin.info\\\/?page_id=29\",\"url\":\"https:\\\/\\\/wischin.info\\\/?page_id=29\",\"name\":\"Language Philosophy - Ludwigs Leiter Translations\",\"isPartOf\":{\"@id\":\"https:\\\/\\\/wischin.info\\\/#website\"},\"datePublished\":\"2025-10-26T15:48:31+00:00\",\"dateModified\":\"2026-02-16T21:42:34+00:00\",\"breadcrumb\":{\"@id\":\"https:\\\/\\\/wischin.info\\\/?page_id=29#breadcrumb\"},\"inLanguage\":\"en-US\",\"potentialAction\":[{\"@type\":\"ReadAction\",\"target\":[\"https:\\\/\\\/wischin.info\\\/?page_id=29\"]}]},{\"@type\":\"BreadcrumbList\",\"@id\":\"https:\\\/\\\/wischin.info\\\/?page_id=29#breadcrumb\",\"itemListElement\":[{\"@type\":\"ListItem\",\"position\":1,\"name\":\"Home\",\"item\":\"https:\\\/\\\/wischin.info\\\/\"},{\"@type\":\"ListItem\",\"position\":2,\"name\":\"Language Philosophy\"}]},{\"@type\":\"WebSite\",\"@id\":\"https:\\\/\\\/wischin.info\\\/#website\",\"url\":\"https:\\\/\\\/wischin.info\\\/\",\"name\":\"Ludwigs Leiter Translations\",\"description\":\"\",\"potentialAction\":[{\"@type\":\"SearchAction\",\"target\":{\"@type\":\"EntryPoint\",\"urlTemplate\":\"https:\\\/\\\/wischin.info\\\/?s={search_term_string}\"},\"query-input\":{\"@type\":\"PropertyValueSpecification\",\"valueRequired\":true,\"valueName\":\"search_term_string\"}}],\"inLanguage\":\"en-US\"}]}<\/script>\r\n<!-- \/ Yoast SEO plugin. -->","yoast_head_json":{"title":"Language Philosophy - Ludwigs Leiter Translations","robots":{"index":"index","follow":"follow","max-snippet":"max-snippet:-1","max-image-preview":"max-image-preview:large","max-video-preview":"max-video-preview:-1"},"canonical":"https:\/\/wischin.info\/?page_id=29","og_locale":"en_US","og_type":"article","og_title":"Language Philosophy - Ludwigs Leiter Translations","og_description":"Academic Background and Experience in Philosophy My academic work focuses on philosophy of language, logic, and the historical connections between Frege, Wittgenstein, and contemporary pragmatism. Below is a short overview of my research and selected publications. Education &amp; Editorial Work Recent Publications and Research","og_url":"https:\/\/wischin.info\/?page_id=29","og_site_name":"Ludwigs Leiter Translations","article_modified_time":"2026-02-16T21:42:34+00:00","twitter_card":"summary_large_image","twitter_misc":{"Est. reading time":"2 minutes"},"schema":{"@context":"https:\/\/schema.org","@graph":[{"@type":"WebPage","@id":"https:\/\/wischin.info\/?page_id=29","url":"https:\/\/wischin.info\/?page_id=29","name":"Language Philosophy - Ludwigs Leiter Translations","isPartOf":{"@id":"https:\/\/wischin.info\/#website"},"datePublished":"2025-10-26T15:48:31+00:00","dateModified":"2026-02-16T21:42:34+00:00","breadcrumb":{"@id":"https:\/\/wischin.info\/?page_id=29#breadcrumb"},"inLanguage":"en-US","potentialAction":[{"@type":"ReadAction","target":["https:\/\/wischin.info\/?page_id=29"]}]},{"@type":"BreadcrumbList","@id":"https:\/\/wischin.info\/?page_id=29#breadcrumb","itemListElement":[{"@type":"ListItem","position":1,"name":"Home","item":"https:\/\/wischin.info\/"},{"@type":"ListItem","position":2,"name":"Language Philosophy"}]},{"@type":"WebSite","@id":"https:\/\/wischin.info\/#website","url":"https:\/\/wischin.info\/","name":"Ludwigs Leiter Translations","description":"","potentialAction":[{"@type":"SearchAction","target":{"@type":"EntryPoint","urlTemplate":"https:\/\/wischin.info\/?s={search_term_string}"},"query-input":{"@type":"PropertyValueSpecification","valueRequired":true,"valueName":"search_term_string"}}],"inLanguage":"en-US"}]}},"_links":{"self":[{"href":"https:\/\/wischin.info\/index.php?rest_route=\/wp\/v2\/pages\/29","targetHints":{"allow":["GET"]}}],"collection":[{"href":"https:\/\/wischin.info\/index.php?rest_route=\/wp\/v2\/pages"}],"about":[{"href":"https:\/\/wischin.info\/index.php?rest_route=\/wp\/v2\/types\/page"}],"author":[{"embeddable":true,"href":"https:\/\/wischin.info\/index.php?rest_route=\/wp\/v2\/users\/1"}],"replies":[{"embeddable":true,"href":"https:\/\/wischin.info\/index.php?rest_route=%2Fwp%2Fv2%2Fcomments&post=29"}],"version-history":[{"count":34,"href":"https:\/\/wischin.info\/index.php?rest_route=\/wp\/v2\/pages\/29\/revisions"}],"predecessor-version":[{"id":1342,"href":"https:\/\/wischin.info\/index.php?rest_route=\/wp\/v2\/pages\/29\/revisions\/1342"}],"wp:attachment":[{"href":"https:\/\/wischin.info\/index.php?rest_route=%2Fwp%2Fv2%2Fmedia&parent=29"}],"curies":[{"name":"wp","href":"https:\/\/api.w.org\/{rel}","templated":true}]}}

<section class="wp-block-group llt-philosophy" style="padding-top:10px;padding-bottom:10px"><div class="wp-block-group__inner-container is-layout-constrained wp-block-group-is-layout-constrained">
<h1 class="wp-block-heading has-text-align-center">Academic Background and Experience in Philosophy</h1>



<p>
  My academic work focuses on philosophy of language, logic, and the historical
  connections between Frege, Wittgenstein, and contemporary pragmatism.  
  Below is a short overview of my research and selected publications.
  </p>



<h2 class="wp-block-heading">Education &amp; Editorial Work</h2>



<ul class="wp-block-list">
<li>PhD in Philosophy, University of Granada, Spain.</li>



<li>MBA, National Autonomous University of Mexico (UNAM), Mexico City.</li>



<li>Graduated in Philosophy, Autonomous University of Querétaro, Mexico.</li>



<li>Former editorial secretary and editor of a major Spanish philosophy journal.</li>
</ul>



<div style="height:25px" aria-hidden="true" class="wp-block-spacer"></div>



<h2 class="wp-block-heading">Recent Publications and Research</h2>



<ul class="wp-block-list pub-list">
<li><strong>2025:</strong> “Lessons from Frege. A Personal Journey”. <em>Teorema. Revista Internacional de Filosofía</em>, Granada.</li>



<li><strong>2024:</strong> “El principio de contexto: de Frege a Wittgenstein”, <em>LOGOS Revista de Filosofía</em>, Mexico City.</li>



<li><strong>2023:</strong> “Frege’s Third Realm and the Structure of Thought”, <em>Disputatio</em>, Madrid.</li>



<li><strong>2023:</strong> “Wittgenstein, Brandom y las explicaciones teóricas en la filosofía”. In: <em>Perspectivas y problemas de la filosofía contemporánea</em>, Mexico City/Querétaro.</li>



<li><strong>2023</strong>: Doctoral thesis: &#8220;Algunos aspectos de las filosofías de la lógica y del lenguaje de Frege y del joven Wittgenstein, y su influencia en la filosofía contemporánea&#8221;, Granada.</li>



<li><strong>2021:</strong> “Nihilismo semántico y expresivismo pragmático”, <em>Disputatio</em>, Madrid.</li>



<li><strong>2020:</strong> “Breve análisis y traducción de ‘Sobre la ley de la inercia’ de Gottlob Frege”, <em>Disputatio</em>, Madrid.</li>



<li><strong>2019:</strong> “On Frege’s Legacy in the Later Wittgenstein and Brandom”, <em>Disputatio</em>, Madrid.</li>



<li><strong>2015</strong>: Master&#8217;s thesis: &#8220;Traducción del texto de Gottlob Frege: escritos póstumos sobre lógica y filosofía del lenguaje&#8221;. Translation preceded by a critical study with oral replication, Mexico City</li>
</ul>
</div></section>



<p></p>
